rmine n(-178).
7
Let t(w) = -67*w - 4007. Determine t(-53).
-456
Let n(v) = 21*v + 2656. What is n(-126)?
10
Let j(v) = v**2 + 70*v - 1077. Determine j(9).
-366
Let c(s) = -s**3 + 102*s**2 - 2207*s + 290. Give c(31).
104
Let w(p) = p**2 - 48*p - 195. Give w(59).
454
Let f(w) = -30*w - 747. Calculate f(-23).
-57
Let f(c) = -14789*c**2 - 591566*c - 244. Determine f(-40).
-4
Let t(p) = -183*p**2 + 73014*p + 1235. Calculate t(399).
38
Let a(w) = 522*w**2 - 14613*w - 97. Give a(28).
-13
Let s(a) = -a**3 + 9*a**2 + 89*a - 2056. Calculate s(-12).
-100
Let k(j) = -j**2 + 2643*j + 280254. Determine k(-102).
264
Let i(f) = f**3 - 8*f**2 + 29*f - 136. Give i(6).
-34
Let g(p) = -p**2 - 83*p - 94. Calculate g(-79).
222
Let c(q) = 4*q**3 + 2*q**2 - 46*q + 170. What is c(4)?
274
Let w(b) = -973*b - 828. Give w(-1).
145
Let y(h) = -h**3 - 7*h**2 + 78*h - 42. Determine y(6).
-42
Let h(u) = -1389*u**2 - 4162*u + 12. What is h(-3)?
-3
Let c(t) = 2*t**2 - 9632*t - 1073626. What is c(-109)?
24
Let x(l) = -5*l**3 - 3630*l**2 - 10887*l - 28. Calculate x(-3).
98
Let p(d) = -2*d**3 + d**2 - 658*d - 8213. Calculate p(-12).
3283
Let d(b) = -61138*b**2 + 366819*b + 67. What is d(6)?
13
Let o(w) = 7*w**3 - 81*w**2 - 43*w + 55. Determine o(12).
-29
Let f(a) = -4*a**2 - 89*a - 516. What is f(-19)?
-269
Let g(f) = 3*f**3 + 43*f**2 - 41*f - 195. Give g(-15).
-30
Let s(b) = -316*b**2 - 2527*b + 86. Give s(-8).
78
Let l(a) = -2*a**2 + 85*a + 5674. Determine l(81).
-563
Let y(x) = -388*x - 29460. Determine y(-76).
28
Let a(w) = -23317*w + 44698. What is a(2)?
-1936
Let y(d) = -5*d**3 + 183*d**2 - 109*d + 6764. Determine y(37).
-7
Let r(z) = z**3 - 2*z**2 - 63*z - 15. Calculate r(9).
-15
Let s(w) = 49*w**2 + 443*w + 2503. Calculate s(-6).
1609
Let o(h) = 462*h - 1766. Calculate o(4).
82
Let c(l) = -152*l - 11552. Determine c(-66).
-1520
Let i(x) = x**3 - 70628*x**2 - 706377*x + 18. Give i(-10).
-12
Let h(v) = -v**2 + 73*v + 2368. Determine h(92).
620
Let n(c) = 366*c + 5122. Determine n(-18).
-1466
Let z(h) = 8*h**3 - 24*h**2 + 109*h + 20. Calculate z(4).
584
Let f(b) = 4*b**3 + 28*b**2 - 585*b + 28. Give f(9).
-53
Let y(u) = -u**2 - 2222*u - 102229. What is y(-47)?
-4
Let q(h) = 243*h + 28601. Determine q(-116).
413
Let h(a) = -2*a**2 + 21886*a - 5242015. What is h(245)?
5
Let j(i) = -252*i**2 + 9044*i + 1103. Determine j(36).
95
Let s(h) = 3950*h - 71012. Give s(18).
88
Let z(i) = 2*i**2 + 117*i + 1783. Determine z(-29).
72
Let z(a) = -a**2 + 1416*a - 20954. Determine z(15).
61
Let r(t) = 6*t**2 + 1716*t - 25800. Determine r(15).
1290
Let c(a) = 2*a**2 - 1348*a + 27901. Give c(21).
475
Let l(m) = -8*m**3 + 1864*m**2 + 6*m - 1444. Calculate l(233).
-46
Let s(u) = u**2 - 456*u - 6072. What is s(-13)?
25
Let a(j) = j**2 + 2289*j + 49765. What is a(-22)?
-109
Let z(f) = -13*f**2 + 1483*f + 23522. What is z(-16)?
-3534
Let k(v) = -385*v - 63910. Determine k(-166).
0
Let h(g) = -g**2 - 41*g + 383. What is h(-33)?
647
Let m(k) = 3*k**2 - 518*k - 1242. Determine m(175).
-17
Let x(y) = -11148*y - 56038. Give x(-5).
-298
Let t(h) = -3075693*h + 36908319. What is t(12)?
3
Let h(x) = -203570*x + 8753519. Calculate h(43).
9
Let h(n) = n**3 + 56*n**2 + 175*n + 865. Calculate h(-53).
17
Let t(l) = -67020*l - 8310452. What is t(-124)?
28
Let w(y) = 2853*y + 182702. Determine w(-64).
110
Let j(p) = -43175*p + 1252055. Determine j(29).
-20
Let h(g) = 4*g**3 - 10749*g**2 + 32212*g - 6. Give h(3).
-3
Let s(r) = -r**2 - 2417*r - 69253. What is s(-29)?
-1
Let s(n) = -1317*n + 180450. What is s(137)?
21
Let v(u) = -2*u**2 + 2502*u - 9971. What is v(4)?
5
Let q(d) = -337*d + 3477. Calculate q(9).
444
Let c(g) = 619258*g - 5573347. What is c(9)?
-25
Let h(f) = -5*f**2 + 1128*f - 5188. Calculate h(221).
-105
Let d(o) = -2*o**3 - 10*o**2 + 209*o + 58. Determine d(-12).
-434
Let n(c) = -3*c**3 - 406*c**2 - 58*c + 10391. Calculate n(-135).
-4
Let f(n) = -n**3 - 37*n**2 - 190*n - 2810. Determine f(-34).
182
Let r(f) = 2994*f - 25498. Give r(7).
-4540
Let k(g) = 3*g**3 - 41*g**2 + 3*g + 30. What is k(10)?
-1040
Let j(i) = -i**3 + 151*i**2 - 306*i + 1220. Determine j(149).
28
Let r(z) = -z**3 - 23*z**2 - 126*z - 2682. Calculate r(-20).
-1362
Let l(u) = u**2 + 734*u - 6662. Determine l(9).
25
Let b(k) = -117*k + 7366. Give b(72).
-1058
Let m(q) = q**3 - 8*q**2 + 70*q - 1135. What is m(10)?
-235
Let w(b) = -b**2 + 3996*b + 173672. What is w(-43)?
-5
Let w(f) = 52525*f - 5935315. Calculate w(113).
10
Let f(u) = -276*u - 3884. Calculate f(-14).
-20
Let m(l) = -85*l + 20839. Determine m(245).
14
Let u(g) = 32*g**3 - 232*g**2 - 140*g + 974. What is u(7)?
-398
Let t(y) = -y**3 - 15*y**2 + 42*y - 204. Give t(6).
-708
Let c(o) = -4*o**2 - 89*o - 515. What is c(-11)?
-20
Let g(d) = 20*d**2 - 110977*d - 443885. What is g(-4)?
343
Let n(x) = 11*x**3 + 6*x**2 - 4537*x + 9054. Determine n(2).
92
Let t(u) = 39*u + 15159. What is t(-388)?
27
Let v(b) = -9*b**2 - 88*b + 43. Give v(-9).
106
Let g(c) = -71*c + 1474. Give g(34).
-940
Let j(f) = 14199*f + 85225. What is j(-6)?
31
Let d(b) = -43944*b + 12919549. Give d(294).
13
Let w(d) = 66529*d + 665310. Calculate w(-10).
20
Let p(x) = -2939*x + 21237. Calculate p(6).
3603
Let z(m) = -m**3 - 6*m**2 - 6*m + 422. Determine z(0).
422
Let j(o) = -2*o**2 - 10*o + 140847. Give j(-268).
-121
Let h(i) = -808*i + 14600. Calculate h(22).
-3176
Let y(p) = -p**3 + 34*p**2 - 121*p - 1272. Calculate y(28).
44
Let y(i) = -4558*i + 8835. Determine y(2).
-281
Let g(l) = l**3 + 41*l**2 - 357*l + 630. Give g(5).
-5
Let c(g) = 2*g**3 - 454*g**2 - 5736*g - 15. Give c(-12).
-15
Let o(b) = 36*b**2 - 438*b. Calculate o(14).
924
Let c(j) = -j**3 + 140*j**2 - 145*j - 422. What is c(139)?
-1256
Let l(t) = 31811*t + 286304. What is l(-9)?
5
Let r(h) = -19*h**3 - 109*h**2 + 18*h - 12. Calculate r(-6).
60
Let r(d) = d**2 + 97*d - 11105. Calculate r(-169).
1063
Let a(s) = s**3 - 20*s**2 - 452*s - 484. Determine a(-13).
-185
Let y(q) = q**2 + 905*q + 74703. What is y(-87)?
3537
Let l(c) = -1788*c - 9163. What is l(-5)?
-223
Let c(h) = 2226*h + 75647. Give c(-34).
-37
Let j(y) = -150*y + 16623. Calculate j(111).
-27
Let l(y) = -2*y**3 + 80*y**2 + 36126*y - 7671. What is l(-116)?
-15
Let o(r) = -r**3 - 6*r**2 + 39*r - 194. What is o(4)?
-198
Let g(n) = 225*n**2 - 1196*n + 3585. What is g(3)?
2022
Let h(q) = 5181*q - 590624. Give h(114).
10
Let m(v) = -v**3 + 5*v**2 - 87*v + 894. Give m(9).
-213
Let w(z) = 4*z**3 + 271*z**2 + 35*z - 11517. Determine w(-67).
-395
Let c(t) = -t**3 - 59*t**2 + 2210*t + 128915. Determine c(-60).
-85
Let z(g) = -2*g**2 + 1418*g - 7036. Calculate z(5).
4
Let t(b) = b**2 + 359*b + 30576. Determine t(-220).
-4
Let z(n) = -4380718*n - 8761442. Determine z(-2).
-6
Let u(d) = 5*d**3 - 7*d**2 - 844*d - 4162. Determine u(-5).
-742
Let n(w) = 46*w**3 + 18*w**2 - 11*w - 12. Determine n(-3).
-1059
Let p(x) = 4949*x - 29111. What is p(6)?
583
Let x(b) = -b**3 - 367*b**2 + 1502*b + 6473. What is x(-371)?
-205
Let q(o) = 2359*o**2 - 22*o + 1. Give q(1).
2338
Let z(n) = -n**3 + 11*n**2 - 22*n + 278. What is z(0)?
278
Let k(q) = -70856*q + 2054810. Give k(29).
-14
Let m(b) = 1897*b + 53108. What is m(-28)?
-8
Let s(o) = o**3 - 84*o**2 - 2702*o - 2510. Calculate s(-24).
130
Let u(t) = 3113*t - 221084. Determine u(71).
-61
Let z(b) = -158*b - 10834. Give z(-71).
384
Let p(b) = -18*b**2 + 310*b - 682. Determine p(24).
-3610
Let k(s) = -208183*s + 208193. Determine k(1).
10
Let s(t) = -t**2 - 2802*t - 44581. Determine s(-16).
-5
Let d(i) = -53672*i + 1556464. What is d(29)?
-24
Let b(a) = 496984*a + 13418564. Calculate b(-27).
-4
Let q(t) = -t**3 - 64*t**2 + 670*t + 1015. Give q(-73).
66
Let v(n) = -87160*n + 697271. What is v(8)?
-9
Let v(t) = 70485*t + 5850252. Calculate v(-83).
-3
Let k(p) = 3806*p - 15225. Calculate k(4).
-1
Let s(b) = b**3 + 49*b**2 - 94*b - 4495. Calculate s(-50).
-2295
Let h(m) = -m**2 + 103586*m - 621482. What is h(6)?
-2
Let j(w) = -2*w**3 + 16*w**2 + 8*w + 78. What is j(9)?
-12
Let z(y) = y**3 - 34*y**2 + 320*y - 268. What is z(28)?
3988
Let a(r) = -r**3 + 53*r**2 - 649*r + 45. What is a(30)?
1275
Let r(n) = 151*n - 5388. Give r(44).
1256
Let z(y) = 2152*y**3 + 26*y**2 + 15*y - 10. What is z(-1)?
-2151
Let x(g) = 4*g**2 - 448*g - 4619. Give x(-10).
261
Let p(l) = -2*l**3 +